{"id":2548,"date":"2019-05-14T17:11:08","date_gmt":"2019-05-14T17:11:08","guid":{"rendered":"https:\/\/luxpro.pt\/?post_type=product&#038;p=2548"},"modified":"2023-11-02T22:54:25","modified_gmt":"2023-11-02T22:54:25","slug":"pressostato-230v","status":"publish","type":"product","link":"https:\/\/luxpro.pt\/en\/produto\/pressostato-230v","title":{"rendered":"Pressostato 230V"},"content":{"rendered":"<ul>\n<li>Controlo do arranque e paragem da bomba atrav\u00e9s da varia\u00e7\u00e3o de press\u00e3o do sistema hidr\u00e1ulico.<\/li>\n<li>Dispon\u00edvel com press\u00e3o de trabalho de refer\u00eancia 1,4 bar e 4,1 bar.<\/li>\n<li>Sistema Monof\u00e1sico (230V).<\/li>\n<li>Liga\u00e7\u00e3o f\u00eamea de 1\/4&#8243;<\/li>\n<\/ul>\n","protected":false},"excerpt":{"rendered":"<p>Controlo do arranque e paragem da bomba atrav\u00e9s da varia\u00e7\u00e3o de press\u00e3o do sistema hidr\u00e1ulico. Dispon\u00edvel com press\u00e3o de trabalho de refer\u00eancia 1,4 bar e 4,1 bar. Sistema Monof\u00e1sico (230V). Liga\u00e7\u00e3o f\u00eamea de 1\/4&#8243;<\/p>\n","protected":false},"featured_media":2546,"comment_status":"open","ping_status":"closed","template":"","meta":[],"product_brand":[],"product_cat":[31],"product_tag":[],"class_list":{"0":"post-2548","1":"product","2":"type-product","3":"status-publish","4":"has-post-thumbnail","6":"product_cat-outros-material-agua","8":"first","9":"instock","10":"taxable","11":"shipping-taxable","12":"purchasable","13":"product-type-simple"},"yoast_head":"<!-- This site is optimized with the Yoast SEO plugin v26.5 - https:\/\/yoast.com\/wordpress\/plugins\/seo\/ -->\n<title>Pressostato 230V - LuxPro<\/title>\n<meta name=\"description\" content=\"Controlo do arranque e paragem da bomba atrav\u00e9s da varia\u00e7\u00e3o de press\u00e3o do sistema hidr\u00e1ulico. Dispon\u00edvel com press\u00e3o de trabalho de refer\u00eancia 1,4 bar e\" \/>\n<meta name=\"robots\" content=\"index, follow, max-snippet:-1, max-image-preview:large, max-video-preview:-1\" \/>\n<link rel=\"canonical\" href=\"https:\/\/luxpro.pt\/en\/produto\/pressostato-230v\" \/>\n<meta property=\"og:locale\" content=\"en_US\" \/>\n<meta property=\"og:type\" content=\"article\" \/>\n<meta property=\"og:title\" content=\"Pressostato 230V - LuxPro\" \/>\n<meta property=\"og:description\" content=\"Controlo do arranque e paragem da bomba atrav\u00e9s da varia\u00e7\u00e3o de press\u00e3o do sistema hidr\u00e1ulico. Dispon\u00edvel com press\u00e3o de trabalho de refer\u00eancia 1,4 bar e\" \/>\n<meta property=\"og:url\" content=\"https:\/\/luxpro.pt\/en\/produto\/pressostato-230v\" \/>\n<meta property=\"og:site_name\" content=\"LuxPro\" \/>\n<meta property=\"article:modified_time\" content=\"2023-11-02T22:54:25+00:00\" \/>\n<meta property=\"og:image\" content=\"https:\/\/luxpro.pt\/wp-content\/uploads\/2019\/05\/PRESSOSTATO.png\" \/>\n\t<meta property=\"og:image:width\" content=\"679\" \/>\n\t<meta property=\"og:image:height\" content=\"679\" \/>\n\t<meta property=\"og:image:type\" content=\"image\/png\" \/>\n<meta name=\"twitter:card\" content=\"summary_large_image\" \/>\n<meta name=\"twitter:label1\" content=\"Est. reading time\" \/>\n\t<meta name=\"twitter:data1\" content=\"1 minute\" \/>\n<script type=\"application\/ld+json\" class=\"yoast-schema-graph\">{\"@context\":\"https:\/\/schema.org\",\"@graph\":[{\"@type\":\"WebPage\",\"@id\":\"https:\/\/luxpro.pt\/en\/produto\/pressostato-230v\",\"url\":\"https:\/\/luxpro.pt\/en\/produto\/pressostato-230v\",\"name\":\"Pressostato 230V - LuxPro\",\"isPartOf\":{\"@id\":\"https:\/\/luxpro.pt\/en#website\"},\"primaryImageOfPage\":{\"@id\":\"https:\/\/luxpro.pt\/en\/produto\/pressostato-230v#primaryimage\"},\"image\":{\"@id\":\"https:\/\/luxpro.pt\/en\/produto\/pressostato-230v#primaryimage\"},\"thumbnailUrl\":\"https:\/\/luxpro.pt\/wp-content\/uploads\/2019\/05\/PRESSOSTATO.png\",\"datePublished\":\"2019-05-14T17:11:08+00:00\",\"dateModified\":\"2023-11-02T22:54:25+00:00\",\"description\":\"Controlo do arranque e paragem da bomba atrav\u00e9s da varia\u00e7\u00e3o de press\u00e3o do sistema hidr\u00e1ulico. Dispon\u00edvel com press\u00e3o de trabalho de refer\u00eancia 1,4 bar e\",\"breadcrumb\":{\"@id\":\"https:\/\/luxpro.pt\/en\/produto\/pressostato-230v#breadcrumb\"},\"inLanguage\":\"en-US\",\"potentialAction\":[{\"@type\":\"ReadAction\",\"target\":[\"https:\/\/luxpro.pt\/en\/produto\/pressostato-230v\"]}]},{\"@type\":\"ImageObject\",\"inLanguage\":\"en-US\",\"@id\":\"https:\/\/luxpro.pt\/en\/produto\/pressostato-230v#primaryimage\",\"url\":\"https:\/\/luxpro.pt\/wp-content\/uploads\/2019\/05\/PRESSOSTATO.png\",\"contentUrl\":\"https:\/\/luxpro.pt\/wp-content\/uploads\/2019\/05\/PRESSOSTATO.png\",\"width\":679,\"height\":679},{\"@type\":\"BreadcrumbList\",\"@id\":\"https:\/\/luxpro.pt\/en\/produto\/pressostato-230v#breadcrumb\",\"itemListElement\":[{\"@type\":\"ListItem\",\"position\":1,\"name\":\"In\u00edcio\",\"item\":\"https:\/\/luxpro.pt\/en\"},{\"@type\":\"ListItem\",\"position\":2,\"name\":\"Shop\",\"item\":\"https:\/\/luxpro.pt\/en\/shop\"},{\"@type\":\"ListItem\",\"position\":3,\"name\":\"Pressostato 230V\"}]},{\"@type\":\"WebSite\",\"@id\":\"https:\/\/luxpro.pt\/en#website\",\"url\":\"https:\/\/luxpro.pt\/en\",\"name\":\"LuxPro\",\"description\":\"\",\"publisher\":{\"@id\":\"https:\/\/luxpro.pt\/en#\/schema\/person\/2d1bed59a52ad49be71622bef025e341\"},\"potentialAction\":[{\"@type\":\"SearchAction\",\"target\":{\"@type\":\"EntryPoint\",\"urlTemplate\":\"https:\/\/luxpro.pt\/en?s={search_term_string}\"},\"query-input\":{\"@type\":\"PropertyValueSpecification\",\"valueRequired\":true,\"valueName\":\"search_term_string\"}}],\"inLanguage\":\"en-US\"},{\"@type\":[\"Person\",\"Organization\"],\"@id\":\"https:\/\/luxpro.pt\/en#\/schema\/person\/2d1bed59a52ad49be71622bef025e341\",\"name\":\"Tiago Amadeu Ferreira\",\"image\":{\"@type\":\"ImageObject\",\"inLanguage\":\"en-US\",\"@id\":\"https:\/\/luxpro.pt\/en#\/schema\/person\/image\/\",\"url\":\"https:\/\/luxpro.pt\/wp-content\/uploads\/2017\/11\/logo.jpg\",\"contentUrl\":\"https:\/\/luxpro.pt\/wp-content\/uploads\/2017\/11\/logo.jpg\",\"width\":150,\"height\":33,\"caption\":\"Tiago Amadeu Ferreira\"},\"logo\":{\"@id\":\"https:\/\/luxpro.pt\/en#\/schema\/person\/image\/\"}}]}<\/script>\n<!-- \/ Yoast SEO plugin. -->","yoast_head_json":{"title":"Pressostato 230V - LuxPro","description":"Controlo do arranque e paragem da bomba atrav\u00e9s da varia\u00e7\u00e3o de press\u00e3o do sistema hidr\u00e1ulico. Dispon\u00edvel com press\u00e3o de trabalho de refer\u00eancia 1,4 bar e","robots":{"index":"index","follow":"follow","max-snippet":"max-snippet:-1","max-image-preview":"max-image-preview:large","max-video-preview":"max-video-preview:-1"},"canonical":"https:\/\/luxpro.pt\/en\/produto\/pressostato-230v","og_locale":"en_US","og_type":"article","og_title":"Pressostato 230V - LuxPro","og_description":"Controlo do arranque e paragem da bomba atrav\u00e9s da varia\u00e7\u00e3o de press\u00e3o do sistema hidr\u00e1ulico. Dispon\u00edvel com press\u00e3o de trabalho de refer\u00eancia 1,4 bar e","og_url":"https:\/\/luxpro.pt\/en\/produto\/pressostato-230v","og_site_name":"LuxPro","article_modified_time":"2023-11-02T22:54:25+00:00","og_image":[{"width":679,"height":679,"url":"https:\/\/luxpro.pt\/wp-content\/uploads\/2019\/05\/PRESSOSTATO.png","type":"image\/png"}],"twitter_card":"summary_large_image","twitter_misc":{"Est. reading time":"1 minute"},"schema":{"@context":"https:\/\/schema.org","@graph":[{"@type":"WebPage","@id":"https:\/\/luxpro.pt\/en\/produto\/pressostato-230v","url":"https:\/\/luxpro.pt\/en\/produto\/pressostato-230v","name":"Pressostato 230V - LuxPro","isPartOf":{"@id":"https:\/\/luxpro.pt\/en#website"},"primaryImageOfPage":{"@id":"https:\/\/luxpro.pt\/en\/produto\/pressostato-230v#primaryimage"},"image":{"@id":"https:\/\/luxpro.pt\/en\/produto\/pressostato-230v#primaryimage"},"thumbnailUrl":"https:\/\/luxpro.pt\/wp-content\/uploads\/2019\/05\/PRESSOSTATO.png","datePublished":"2019-05-14T17:11:08+00:00","dateModified":"2023-11-02T22:54:25+00:00","description":"Controlo do arranque e paragem da bomba atrav\u00e9s da varia\u00e7\u00e3o de press\u00e3o do sistema hidr\u00e1ulico. Dispon\u00edvel com press\u00e3o de trabalho de refer\u00eancia 1,4 bar e","breadcrumb":{"@id":"https:\/\/luxpro.pt\/en\/produto\/pressostato-230v#breadcrumb"},"inLanguage":"en-US","potentialAction":[{"@type":"ReadAction","target":["https:\/\/luxpro.pt\/en\/produto\/pressostato-230v"]}]},{"@type":"ImageObject","inLanguage":"en-US","@id":"https:\/\/luxpro.pt\/en\/produto\/pressostato-230v#primaryimage","url":"https:\/\/luxpro.pt\/wp-content\/uploads\/2019\/05\/PRESSOSTATO.png","contentUrl":"https:\/\/luxpro.pt\/wp-content\/uploads\/2019\/05\/PRESSOSTATO.png","width":679,"height":679},{"@type":"BreadcrumbList","@id":"https:\/\/luxpro.pt\/en\/produto\/pressostato-230v#breadcrumb","itemListElement":[{"@type":"ListItem","position":1,"name":"In\u00edcio","item":"https:\/\/luxpro.pt\/en"},{"@type":"ListItem","position":2,"name":"Shop","item":"https:\/\/luxpro.pt\/en\/shop"},{"@type":"ListItem","position":3,"name":"Pressostato 230V"}]},{"@type":"WebSite","@id":"https:\/\/luxpro.pt\/en#website","url":"https:\/\/luxpro.pt\/en","name":"LuxPro","description":"","publisher":{"@id":"https:\/\/luxpro.pt\/en#\/schema\/person\/2d1bed59a52ad49be71622bef025e341"},"potentialAction":[{"@type":"SearchAction","target":{"@type":"EntryPoint","urlTemplate":"https:\/\/luxpro.pt\/en?s={search_term_string}"},"query-input":{"@type":"PropertyValueSpecification","valueRequired":true,"valueName":"search_term_string"}}],"inLanguage":"en-US"},{"@type":["Person","Organization"],"@id":"https:\/\/luxpro.pt\/en#\/schema\/person\/2d1bed59a52ad49be71622bef025e341","name":"Tiago Amadeu Ferreira","image":{"@type":"ImageObject","inLanguage":"en-US","@id":"https:\/\/luxpro.pt\/en#\/schema\/person\/image\/","url":"https:\/\/luxpro.pt\/wp-content\/uploads\/2017\/11\/logo.jpg","contentUrl":"https:\/\/luxpro.pt\/wp-content\/uploads\/2017\/11\/logo.jpg","width":150,"height":33,"caption":"Tiago Amadeu Ferreira"},"logo":{"@id":"https:\/\/luxpro.pt\/en#\/schema\/person\/image\/"}}]}},"tiered_pricing_type":"fixed","tiered_pricing_fixed_rules":[],"tiered_pricing_product_settings":{"layout":"default","base_unit_name":{"singular":null,"plural":null},"default_variation":null},"tiered_pricing_minimum_quantity":null,"tiered_pricing_roles_data":[],"tiered_pricing_percentage_rules":[],"_links":{"self":[{"href":"https:\/\/luxpro.pt\/en\/wp-json\/wp\/v2\/product\/2548","targetHints":{"allow":["GET"]}}],"collection":[{"href":"https:\/\/luxpro.pt\/en\/wp-json\/wp\/v2\/product"}],"about":[{"href":"https:\/\/luxpro.pt\/en\/wp-json\/wp\/v2\/types\/product"}],"replies":[{"embeddable":true,"href":"https:\/\/luxpro.pt\/en\/wp-json\/wp\/v2\/comments?post=2548"}],"wp:featuredmedia":[{"embeddable":true,"href":"https:\/\/luxpro.pt\/en\/wp-json\/wp\/v2\/media\/2546"}],"wp:attachment":[{"href":"https:\/\/luxpro.pt\/en\/wp-json\/wp\/v2\/media?parent=2548"}],"wp:term":[{"taxonomy":"product_brand","embeddable":true,"href":"https:\/\/luxpro.pt\/en\/wp-json\/wp\/v2\/product_brand?post=2548"},{"taxonomy":"product_cat","embeddable":true,"href":"https:\/\/luxpro.pt\/en\/wp-json\/wp\/v2\/product_cat?post=2548"},{"taxonomy":"product_tag","embeddable":true,"href":"https:\/\/luxpro.pt\/en\/wp-json\/wp\/v2\/product_tag?post=2548"}],"curies":[{"name":"wp","href":"https:\/\/api.w.org\/{rel}","templated":true}]}}

<ul>
<li>Controlo do arranque e paragem da bomba através da variação de pressão do sistema hidráulico.</li>
<li>Disponível com pressão de trabalho de referência 1,4 bar e 4,1 bar.</li>
<li>Sistema Monofásico (230V).</li>
<li>Ligação fêmea de 1/4&#8243;</li>
</ul>

<p>Controlo do arranque e paragem da bomba através da variação de pressão do sistema hidráulico. Disponível com pressão de trabalho de referência 1,4 bar e 4,1 bar. Sistema Monofásico (230V). Ligação fêmea de 1/4&#8243;</p>

<!-- This site is optimized with the Yoast SEO plugin v26.5 - https://yoast.com/wordpress/plugins/seo/ -->
<title>Pressostato 230V - LuxPro</title>
<meta name="description" content="Controlo do arranque e paragem da bomba através da variação de pressão do sistema hidráulico. Disponível com pressão de trabalho de referência 1,4 bar e" />
<meta name="robots" content="index, follow, max-snippet:-1, max-image-preview:large, max-video-preview:-1" />
<link rel="canonical" href="https://luxpro.pt/en/produto/pressostato-230v" />
<meta property="og:locale" content="en_US" />
<meta property="og:type" content="article" />
<meta property="og:title" content="Pressostato 230V - LuxPro" />
<meta property="og:description" content="Controlo do arranque e paragem da bomba através da variação de pressão do sistema hidráulico. Disponível com pressão de trabalho de referência 1,4 bar e" />
<meta property="og:url" content="https://luxpro.pt/en/produto/pressostato-230v" />
<meta property="og:site_name" content="LuxPro" />
<meta property="article:modified_time" content="2023-11-02T22:54:25+00:00" />
<meta property="og:image" content="https://luxpro.pt/wp-content/uploads/2019/05/PRESSOSTATO.png" />
	<meta property="og:image:width" content="679" />
	<meta property="og:image:height" content="679" />
	<meta property="og:image:type" content="image/png" />
<meta name="twitter:card" content="summary_large_image" />
<meta name="twitter:label1" content="Est. reading time" />
	<meta name="twitter:data1" content="1 minute" />
<script type="application/ld+json" class="yoast-schema-graph">{"@context":"https://schema.org","@graph":[{"@type":"WebPage","@id":"https://luxpro.pt/en/produto/pressostato-230v","url":"https://luxpro.pt/en/produto/pressostato-230v","name":"Pressostato 230V - LuxPro","isPartOf":{"@id":"https://luxpro.pt/en#website"},"primaryImageOfPage":{"@id":"https://luxpro.pt/en/produto/pressostato-230v#primaryimage"},"image":{"@id":"https://luxpro.pt/en/produto/pressostato-230v#primaryimage"},"thumbnailUrl":"https://luxpro.pt/wp-content/uploads/2019/05/PRESSOSTATO.png","datePublished":"2019-05-14T17:11:08+00:00","dateModified":"2023-11-02T22:54:25+00:00","description":"Controlo do arranque e paragem da bomba através da variação de pressão do sistema hidráulico. Disponível com pressão de trabalho de referência 1,4 bar e","breadcrumb":{"@id":"https://luxpro.pt/en/produto/pressostato-230v#breadcrumb"},"inLanguage":"en-US","potentialAction":[{"@type":"ReadAction","target":["https://luxpro.pt/en/produto/pressostato-230v"]}]},{"@type":"ImageObject","inLanguage":"en-US","@id":"https://luxpro.pt/en/produto/pressostato-230v#primaryimage","url":"https://luxpro.pt/wp-content/uploads/2019/05/PRESSOSTATO.png","contentUrl":"https://luxpro.pt/wp-content/uploads/2019/05/PRESSOSTATO.png","width":679,"height":679},{"@type":"BreadcrumbList","@id":"https://luxpro.pt/en/produto/pressostato-230v#breadcrumb","itemListElement":[{"@type":"ListItem","position":1,"name":"Início","item":"https://luxpro.pt/en"},{"@type":"ListItem","position":2,"name":"Shop","item":"https://luxpro.pt/en/shop"},{"@type":"ListItem","position":3,"name":"Pressostato 230V"}]},{"@type":"WebSite","@id":"https://luxpro.pt/en#website","url":"https://luxpro.pt/en","name":"LuxPro","description":"","publisher":{"@id":"https://luxpro.pt/en#/schema/person/2d1bed59a52ad49be71622bef025e341"},"potentialAction":[{"@type":"SearchAction","target":{"@type":"EntryPoint","urlTemplate":"https://luxpro.pt/en?s={search_term_string}"},"query-input":{"@type":"PropertyValueSpecification","valueRequired":true,"valueName":"search_term_string"}}],"inLanguage":"en-US"},{"@type":["Person","Organization"],"@id":"https://luxpro.pt/en#/schema/person/2d1bed59a52ad49be71622bef025e341","name":"Tiago Amadeu Ferreira","image":{"@type":"ImageObject","inLanguage":"en-US","@id":"https://luxpro.pt/en#/schema/person/image/","url":"https://luxpro.pt/wp-content/uploads/2017/11/logo.jpg","contentUrl":"https://luxpro.pt/wp-content/uploads/2017/11/logo.jpg","width":150,"height":33,"caption":"Tiago Amadeu Ferreira"},"logo":{"@id":"https://luxpro.pt/en#/schema/person/image/"}}]}</script>
<!-- / Yoast SEO plugin. -->

Controlo do arranque e paragem da bomba através da variação de pressão do sistema hidráulico. Disponível com pressão de trabalho de referência 1,4 bar e

Início
