{"id":2998,"date":"2017-11-15T16:38:06","date_gmt":"2017-11-15T16:38:06","guid":{"rendered":"https:\/\/luxpro.pt\/sobre-nos\/"},"modified":"2024-10-02T22:57:07","modified_gmt":"2024-10-02T21:57:07","slug":"sobre-nos","status":"publish","type":"page","link":"https:\/\/luxpro.pt\/es\/sobre-nos","title":{"rendered":"sobre nosotros"},"content":{"rendered":"<p>La sede e instalaciones se encuentran ubicadas en la ciudad de Barcelos.<\/p>\n<p>Nos esforzamos en ofrecer a nuestros clientes un mejor servicio y asesoramiento para que puedan encontrar las mejores soluciones en iluminaci\u00f3n y material el\u00e9ctrico.<\/p>\n<p>La marca LuxPro es ya una referencia entre los profesionales del campo de la construcci\u00f3n y la arquitectura, apreciada por sus l\u00edneas modernas y diferenciadas, de alta calidad y resistencia. Con una amplia gama de productos de fabricaci\u00f3n propia.<\/p>\n<p>LuxPro se presenta como un socio comercial, garantizando soluciones completas y ajustadas a cada realidad.<\/p>\n","protected":false},"excerpt":{"rendered":"<p>La sede e instalaciones se encuentran ubicadas en la ciudad de Barcelos. Nos esforzamos en ofrecer a nuestros clientes un mejor servicio y asesoramiento para que puedan encontrar las mejores soluciones en iluminaci\u00f3n y material el\u00e9ctrico. La marca LuxPro es ya una referencia entre los profesionales del campo de la construcci\u00f3n y la arquitectura, apreciada por sus l\u00edneas modernas y [&hellip;]<\/p>\n","protected":false},"author":728,"featured_media":0,"parent":0,"menu_order":0,"comment_status":"closed","ping_status":"closed","template":"","meta":{"footnotes":""},"class_list":["post-2998","page","type-page","status-publish","hentry"],"yoast_head":"<!-- This site is optimized with the Yoast SEO plugin v26.5 - https:\/\/yoast.com\/wordpress\/plugins\/seo\/ -->\n<title>sobre nosotros - LuxPro<\/title>\n<meta name=\"robots\" content=\"index, follow, max-snippet:-1, max-image-preview:large, max-video-preview:-1\" \/>\n<link rel=\"canonical\" href=\"https:\/\/luxpro.pt\/es\/sobre-nos\" \/>\n<meta property=\"og:locale\" content=\"es_ES\" \/>\n<meta property=\"og:type\" content=\"article\" \/>\n<meta property=\"og:title\" content=\"sobre nosotros - LuxPro\" \/>\n<meta property=\"og:description\" content=\"La sede e instalaciones se encuentran ubicadas en la ciudad de Barcelos. Nos esforzamos en ofrecer a nuestros clientes un mejor servicio y asesoramiento para que puedan encontrar las mejores soluciones en iluminaci\u00f3n y material el\u00e9ctrico. La marca LuxPro es ya una referencia entre los profesionales del campo de la construcci\u00f3n y la arquitectura, apreciada por sus l\u00edneas modernas y [&hellip;]\" \/>\n<meta property=\"og:url\" content=\"https:\/\/luxpro.pt\/es\/sobre-nos\" \/>\n<meta property=\"og:site_name\" content=\"LuxPro\" \/>\n<meta property=\"article:modified_time\" content=\"2024-10-02T21:57:07+00:00\" \/>\n<meta name=\"twitter:card\" content=\"summary_large_image\" \/>\n<script type=\"application\/ld+json\" class=\"yoast-schema-graph\">{\"@context\":\"https:\/\/schema.org\",\"@graph\":[{\"@type\":\"WebPage\",\"@id\":\"https:\/\/luxpro.pt\/es\/sobre-nos\",\"url\":\"https:\/\/luxpro.pt\/es\/sobre-nos\",\"name\":\"sobre nosotros - LuxPro\",\"isPartOf\":{\"@id\":\"https:\/\/luxpro.pt\/es#website\"},\"datePublished\":\"2017-11-15T16:38:06+00:00\",\"dateModified\":\"2024-10-02T21:57:07+00:00\",\"breadcrumb\":{\"@id\":\"https:\/\/luxpro.pt\/es\/sobre-nos#breadcrumb\"},\"inLanguage\":\"es\",\"potentialAction\":[{\"@type\":\"ReadAction\",\"target\":[\"https:\/\/luxpro.pt\/es\/sobre-nos\"]}]},{\"@type\":\"BreadcrumbList\",\"@id\":\"https:\/\/luxpro.pt\/es\/sobre-nos#breadcrumb\",\"itemListElement\":[{\"@type\":\"ListItem\",\"position\":1,\"name\":\"In\u00edcio\",\"item\":\"https:\/\/luxpro.pt\/es\"},{\"@type\":\"ListItem\",\"position\":2,\"name\":\"sobre nosotros\"}]},{\"@type\":\"WebSite\",\"@id\":\"https:\/\/luxpro.pt\/es#website\",\"url\":\"https:\/\/luxpro.pt\/es\",\"name\":\"LuxPro\",\"description\":\"\",\"publisher\":{\"@id\":\"https:\/\/luxpro.pt\/es#\/schema\/person\/2d1bed59a52ad49be71622bef025e341\"},\"potentialAction\":[{\"@type\":\"SearchAction\",\"target\":{\"@type\":\"EntryPoint\",\"urlTemplate\":\"https:\/\/luxpro.pt\/es?s={search_term_string}\"},\"query-input\":{\"@type\":\"PropertyValueSpecification\",\"valueRequired\":true,\"valueName\":\"search_term_string\"}}],\"inLanguage\":\"es\"},{\"@type\":[\"Person\",\"Organization\"],\"@id\":\"https:\/\/luxpro.pt\/es#\/schema\/person\/2d1bed59a52ad49be71622bef025e341\",\"name\":\"Tiago Amadeu Ferreira\",\"image\":{\"@type\":\"ImageObject\",\"inLanguage\":\"es\",\"@id\":\"https:\/\/luxpro.pt\/es#\/schema\/person\/image\/\",\"url\":\"https:\/\/luxpro.pt\/wp-content\/uploads\/2017\/11\/logo.jpg\",\"contentUrl\":\"https:\/\/luxpro.pt\/wp-content\/uploads\/2017\/11\/logo.jpg\",\"width\":150,\"height\":33,\"caption\":\"Tiago Amadeu Ferreira\"},\"logo\":{\"@id\":\"https:\/\/luxpro.pt\/es#\/schema\/person\/image\/\"}}]}<\/script>\n<!-- \/ Yoast SEO plugin. -->","yoast_head_json":{"title":"sobre nosotros - LuxPro","robots":{"index":"index","follow":"follow","max-snippet":"max-snippet:-1","max-image-preview":"max-image-preview:large","max-video-preview":"max-video-preview:-1"},"canonical":"https:\/\/luxpro.pt\/es\/sobre-nos","og_locale":"es_ES","og_type":"article","og_title":"sobre nosotros - LuxPro","og_description":"La sede e instalaciones se encuentran ubicadas en la ciudad de Barcelos. Nos esforzamos en ofrecer a nuestros clientes un mejor servicio y asesoramiento para que puedan encontrar las mejores soluciones en iluminaci\u00f3n y material el\u00e9ctrico. La marca LuxPro es ya una referencia entre los profesionales del campo de la construcci\u00f3n y la arquitectura, apreciada por sus l\u00edneas modernas y [&hellip;]","og_url":"https:\/\/luxpro.pt\/es\/sobre-nos","og_site_name":"LuxPro","article_modified_time":"2024-10-02T21:57:07+00:00","twitter_card":"summary_large_image","schema":{"@context":"https:\/\/schema.org","@graph":[{"@type":"WebPage","@id":"https:\/\/luxpro.pt\/es\/sobre-nos","url":"https:\/\/luxpro.pt\/es\/sobre-nos","name":"sobre nosotros - LuxPro","isPartOf":{"@id":"https:\/\/luxpro.pt\/es#website"},"datePublished":"2017-11-15T16:38:06+00:00","dateModified":"2024-10-02T21:57:07+00:00","breadcrumb":{"@id":"https:\/\/luxpro.pt\/es\/sobre-nos#breadcrumb"},"inLanguage":"es","potentialAction":[{"@type":"ReadAction","target":["https:\/\/luxpro.pt\/es\/sobre-nos"]}]},{"@type":"BreadcrumbList","@id":"https:\/\/luxpro.pt\/es\/sobre-nos#breadcrumb","itemListElement":[{"@type":"ListItem","position":1,"name":"In\u00edcio","item":"https:\/\/luxpro.pt\/es"},{"@type":"ListItem","position":2,"name":"sobre nosotros"}]},{"@type":"WebSite","@id":"https:\/\/luxpro.pt\/es#website","url":"https:\/\/luxpro.pt\/es","name":"LuxPro","description":"","publisher":{"@id":"https:\/\/luxpro.pt\/es#\/schema\/person\/2d1bed59a52ad49be71622bef025e341"},"potentialAction":[{"@type":"SearchAction","target":{"@type":"EntryPoint","urlTemplate":"https:\/\/luxpro.pt\/es?s={search_term_string}"},"query-input":{"@type":"PropertyValueSpecification","valueRequired":true,"valueName":"search_term_string"}}],"inLanguage":"es"},{"@type":["Person","Organization"],"@id":"https:\/\/luxpro.pt\/es#\/schema\/person\/2d1bed59a52ad49be71622bef025e341","name":"Tiago Amadeu Ferreira","image":{"@type":"ImageObject","inLanguage":"es","@id":"https:\/\/luxpro.pt\/es#\/schema\/person\/image\/","url":"https:\/\/luxpro.pt\/wp-content\/uploads\/2017\/11\/logo.jpg","contentUrl":"https:\/\/luxpro.pt\/wp-content\/uploads\/2017\/11\/logo.jpg","width":150,"height":33,"caption":"Tiago Amadeu Ferreira"},"logo":{"@id":"https:\/\/luxpro.pt\/es#\/schema\/person\/image\/"}}]}},"_links":{"self":[{"href":"https:\/\/luxpro.pt\/es\/wp-json\/wp\/v2\/pages\/2998","targetHints":{"allow":["GET"]}}],"collection":[{"href":"https:\/\/luxpro.pt\/es\/wp-json\/wp\/v2\/pages"}],"about":[{"href":"https:\/\/luxpro.pt\/es\/wp-json\/wp\/v2\/types\/page"}],"author":[{"embeddable":true,"href":"https:\/\/luxpro.pt\/es\/wp-json\/wp\/v2\/users\/728"}],"replies":[{"embeddable":true,"href":"https:\/\/luxpro.pt\/es\/wp-json\/wp\/v2\/comments?post=2998"}],"version-history":[{"count":1,"href":"https:\/\/luxpro.pt\/es\/wp-json\/wp\/v2\/pages\/2998\/revisions"}],"predecessor-version":[{"id":13986,"href":"https:\/\/luxpro.pt\/es\/wp-json\/wp\/v2\/pages\/2998\/revisions\/13986"}],"wp:attachment":[{"href":"https:\/\/luxpro.pt\/es\/wp-json\/wp\/v2\/media?parent=2998"}],"curies":[{"name":"wp","href":"https:\/\/api.w.org\/{rel}","templated":true}]}}

<p>La sede e instalaciones se encuentran ubicadas en la ciudad de Barcelos.</p>
<p>Nos esforzamos en ofrecer a nuestros clientes un mejor servicio y asesoramiento para que puedan encontrar las mejores soluciones en iluminación y material eléctrico.</p>
<p>La marca LuxPro es ya una referencia entre los profesionales del campo de la construcción y la arquitectura, apreciada por sus líneas modernas y diferenciadas, de alta calidad y resistencia. Con una amplia gama de productos de fabricación propia.</p>
<p>LuxPro se presenta como un socio comercial, garantizando soluciones completas y ajustadas a cada realidad.</p>

<p>La sede e instalaciones se encuentran ubicadas en la ciudad de Barcelos. Nos esforzamos en ofrecer a nuestros clientes un mejor servicio y asesoramiento para que puedan encontrar las mejores soluciones en iluminación y material eléctrico. La marca LuxPro es ya una referencia entre los profesionales del campo de la construcción y la arquitectura, apreciada por sus líneas modernas y [&hellip;]</p>

<!-- This site is optimized with the Yoast SEO plugin v26.5 - https://yoast.com/wordpress/plugins/seo/ -->
<title>sobre nosotros - LuxPro</title>
<meta name="robots" content="index, follow, max-snippet:-1, max-image-preview:large, max-video-preview:-1" />
<link rel="canonical" href="https://luxpro.pt/es/sobre-nos" />
<meta property="og:locale" content="es_ES" />
<meta property="og:type" content="article" />
<meta property="og:title" content="sobre nosotros - LuxPro" />
<meta property="og:description" content="La sede e instalaciones se encuentran ubicadas en la ciudad de Barcelos. Nos esforzamos en ofrecer a nuestros clientes un mejor servicio y asesoramiento para que puedan encontrar las mejores soluciones en iluminación y material eléctrico. La marca LuxPro es ya una referencia entre los profesionales del campo de la construcción y la arquitectura, apreciada por sus líneas modernas y [&hellip;]" />
<meta property="og:url" content="https://luxpro.pt/es/sobre-nos" />
<meta property="og:site_name" content="LuxPro" />
<meta property="article:modified_time" content="2024-10-02T21:57:07+00:00" />
<meta name="twitter:card" content="summary_large_image" />
<script type="application/ld+json" class="yoast-schema-graph">{"@context":"https://schema.org","@graph":[{"@type":"WebPage","@id":"https://luxpro.pt/es/sobre-nos","url":"https://luxpro.pt/es/sobre-nos","name":"sobre nosotros - LuxPro","isPartOf":{"@id":"https://luxpro.pt/es#website"},"datePublished":"2017-11-15T16:38:06+00:00","dateModified":"2024-10-02T21:57:07+00:00","breadcrumb":{"@id":"https://luxpro.pt/es/sobre-nos#breadcrumb"},"inLanguage":"es","potentialAction":[{"@type":"ReadAction","target":["https://luxpro.pt/es/sobre-nos"]}]},{"@type":"BreadcrumbList","@id":"https://luxpro.pt/es/sobre-nos#breadcrumb","itemListElement":[{"@type":"ListItem","position":1,"name":"Início","item":"https://luxpro.pt/es"},{"@type":"ListItem","position":2,"name":"sobre nosotros"}]},{"@type":"WebSite","@id":"https://luxpro.pt/es#website","url":"https://luxpro.pt/es","name":"LuxPro","description":"","publisher":{"@id":"https://luxpro.pt/es#/schema/person/2d1bed59a52ad49be71622bef025e341"},"potentialAction":[{"@type":"SearchAction","target":{"@type":"EntryPoint","urlTemplate":"https://luxpro.pt/es?s={search_term_string}"},"query-input":{"@type":"PropertyValueSpecification","valueRequired":true,"valueName":"search_term_string"}}],"inLanguage":"es"},{"@type":["Person","Organization"],"@id":"https://luxpro.pt/es#/schema/person/2d1bed59a52ad49be71622bef025e341","name":"Tiago Amadeu Ferreira","image":{"@type":"ImageObject","inLanguage":"es","@id":"https://luxpro.pt/es#/schema/person/image/","url":"https://luxpro.pt/wp-content/uploads/2017/11/logo.jpg","contentUrl":"https://luxpro.pt/wp-content/uploads/2017/11/logo.jpg","width":150,"height":33,"caption":"Tiago Amadeu Ferreira"},"logo":{"@id":"https://luxpro.pt/es#/schema/person/image/"}}]}</script>
<!-- / Yoast SEO plugin. -->

La sede e instalaciones se encuentran ubicadas en la ciudad de Barcelos. Nos esforzamos en ofrecer a nuestros clientes un mejor servicio y asesoramiento para que puedan encontrar las mejores soluciones en iluminación y material eléctrico. La marca LuxPro es ya una referencia entre los profesionales del campo de la construcción y la arquitectura, apreciada por sus líneas modernas y [&hellip;]

Início
